{"id":5212,"date":"2021-08-25T07:26:28","date_gmt":"2021-08-25T07:26:28","guid":{"rendered":"http:\/\/dummy.xtemos.com\/woodmart2\/?page_id=5212"},"modified":"2025-06-09T17:49:32","modified_gmt":"2025-06-09T17:49:32","slug":"sobre-nos-2","status":"publish","type":"page","link":"https:\/\/maquinasflorestais.com\/fr\/sobre-nos-2\/","title":{"rendered":"\u00c0 PROPOS DE NOUS"},"content":{"rendered":"<div class=\"wpb-content-wrapper\"><div class=\"vc_row wpb_row vc_row-fluid vc_custom_1716194926517 row-reverse-mobile row-reverse-tablet wd-rs-664b0e5b335db\"><div class=\"wpb_column vc_column_container vc_col-sm-12 vc_col-lg-6 vc_col-md-6 wd-rs-6125f30edad72\"><div class=\"vc_column-inner vc_custom_1629877010833\"><div class=\"wpb_wrapper\">\t\t<div id=\"wd-667051e93f91d\" class=\"wd-image wd-wpb wd-rs-667051e93f91d text-left vc_custom_1718637041041\">\n\t\t\t\n\t\t\t<img loading=\"lazy\" decoding=\"async\" width=\"1441\" height=\"1282\" src=\"https:\/\/maquinasflorestais.com\/wp-content\/uploads\/2024\/05\/forestcorte_maquinas_florestais_a_empresa-w.jpg\" class=\"attachment-full\" alt=\"\" title=\"forestcorte_maquinas_florestais_a_empresa-w\" srcset=\"https:\/\/maquinasflorestais.com\/wp-content\/uploads\/2024\/05\/forestcorte_maquinas_florestais_a_empresa-w.jpg 1441w, https:\/\/maquinasflorestais.com\/wp-content\/uploads\/2024\/05\/forestcorte_maquinas_florestais_a_empresa-w-337x300.jpg 337w, https:\/\/maquinasflorestais.com\/wp-content\/uploads\/2024\/05\/forestcorte_maquinas_florestais_a_empresa-w-899x800.jpg 899w, https:\/\/maquinasflorestais.com\/wp-content\/uploads\/2024\/05\/forestcorte_maquinas_florestais_a_empresa-w-768x683.jpg 768w, https:\/\/maquinasflorestais.com\/wp-content\/uploads\/2024\/05\/forestcorte_maquinas_florestais_a_empresa-w-860x765.jpg 860w, https:\/\/maquinasflorestais.com\/wp-content\/uploads\/2024\/05\/forestcorte_maquinas_florestais_a_empresa-w-430x383.jpg 430w, https:\/\/maquinasflorestais.com\/wp-content\/uploads\/2024\/05\/forestcorte_maquinas_florestais_a_empresa-w-700x623.jpg 700w, https:\/\/maquinasflorestais.com\/wp-content\/uploads\/2024\/05\/forestcorte_maquinas_florestais_a_empresa-w-150x133.jpg 150w\" sizes=\"auto, (max-width: 1441px) 100vw, 1441px\" \/>\n\t\t\t\t\t<\/div>\n\t\t<\/div><\/div><\/div><div class=\"wpb_column vc_column_container vc_col-sm-12 vc_col-lg-offset-1 vc_col-lg-5 vc_col-md-6 vc_col-xs-12 wd-rs-664b0e9d209f6\"><div class=\"vc_column-inner vc_custom_1716195005651\"><div class=\"wpb_wrapper\">\n\t\t<div id=\"wd-664b0c5bc8cab\" class=\"title-wrapper wd-wpb set-mb-s reset-last-child  wd-rs-664b0c5bc8cab wd-title-color-primary wd-title-style-default text-left vc_custom_1716194438260 wd-underline-colored\">\n\t\t\t\t\t\t\t<div class=\"title-subtitle  subtitle-color-primary font-default subtitle-style-default wd-font-weight-600 wd-fontsize-xs\">MACHINES FORESTI\u00c8RES<\/div>\n\t\t\t\n\t\t\t<div class=\"liner-continer\">\n\t\t\t\t<h4 class=\"woodmart-title-container title  wd-font-weight- wd-fontsize-xxl\" >Forestcorte M\u00e1quinas S.A.<\/h4>\n\t\t\t\t\t\t\t<\/div>\n\t\t\t\n\t\t\t\n\t\t\t\n\t\t<\/div>\n\t\t\n\t\t\t\t<div id=\"wd-67589f2f56ad6\" class=\"wd-text-block wd-wpb reset-last-child wd-rs-67589f2f56ad6 text-left wd-fontsize-custom vc_custom_1733861171131\">\n\t\t\t<p>Notre entreprise Forestcorte M\u00e1quinas est l\u2019une des entreprises du Groupe Forestcorte, leader depuis 2001 en prestations de services forestiers. Nous travaillons principalement sur les march\u00e9s portugais, espagnol et fran\u00e7ais et nous sommes sp\u00e9cialis\u00e9s dans la vente d\u2019\u00e9quipements forestiers neufs ou d\u2019occasion. Nous proposons \u00e9galement un service d\u2019assistance technique au sein de nos installations ou bien sur le terrain.<\/p>\n\t\t<\/div>\n\t\t\t\t<div id=\"wd-67589eb559b6d\" class=\"wd-text-block wd-wpb reset-last-child wd-rs-67589eb559b6d text-left wd-fontsize-custom vc_custom_1733861104038\">\n\t\t\t<p>Faisant partie d'un groupe leader dans la fourniture de services forestiers depuis 2001, Forestcorte M\u00e1quinas poss\u00e8de un avantage comparatif par rapport \u00e0 d'autres entreprises et est donc qualifi\u00e9e pour conseiller ad\u00e9quatement le client sur le meilleur \u00e9quipement \u00e0 utiliser pour un travail donn\u00e9. Forestcorte M\u00e1quinas garantit un excellent conseil d'achat, bas\u00e9 sur une vaste exp\u00e9rience dans le secteur forestier ainsi qu'une efficacit\u00e9 totale dans l'assistance apr\u00e8s-vente, gr\u00e2ce au savoir-faire \u00e9lev\u00e9 de ses techniciens : Forestcorte investit intensivement dans la formation de ses employ\u00e9s, c'est pourquoi ils sont form\u00e9s pour fournir une assistance technique aux clients de mani\u00e8re efficace et personnalis\u00e9e.<\/p>\n<p>De cette mani\u00e8re, elle s'affirme comme une entreprise comp\u00e9titive et diff\u00e9renci\u00e9e dont l'objectif premier est la satisfaction de ses clients.<\/p>\n<p>Avec son positionnement actuel \u00ab Innovation by Nature \u00bb, Forestcorte M\u00e1quinas investit dans des \u00e9quipements tr\u00e8s sophistiqu\u00e9s adapt\u00e9s aux diff\u00e9rentes op\u00e9rations, permettant une exploration foresti\u00e8re plus efficace, dans le respect de l'\u00e9cosyst\u00e8me utilis\u00e9.<\/p>\n\t\t<\/div>\n\t\t<div class=\"vc_row wpb_row vc_inner vc_row-fluid\"><div class=\"wpb_column vc_column_container vc_col-sm-4 text-center wd-rs-6670516ab07fb\"><div class=\"vc_column-inner\"><div class=\"wpb_wrapper\">\n\t<div  class=\"wpb_single_image wpb_content_element vc_align_left\">\n\t\t\n\t\t<figure class=\"wpb_wrapper vc_figure\">\n\t\t\t<div class=\"vc_single_image-wrapper   vc_box_border_grey\"><img loading=\"lazy\" decoding=\"async\" width=\"150\" height=\"150\" src=\"https:\/\/maquinasflorestais.com\/wp-content\/uploads\/2025\/06\/contactos-laetitia-2.png\" class=\"vc_single_image-img attachment-thumbnail\" alt=\"\" title=\"contactos-laetitia-2\" srcset=\"https:\/\/maquinasflorestais.com\/wp-content\/uploads\/2025\/06\/contactos-laetitia-2.png 150w, https:\/\/maquinasflorestais.com\/wp-content\/uploads\/2025\/06\/contactos-laetitia-2-12x12.png 12w\" sizes=\"auto, (max-width: 150px) 100vw, 150px\" \/><\/div>\n\t\t<\/figure>\n\t<\/div>\n<\/div><\/div><\/div><div class=\"wpb_column vc_column_container vc_col-sm-8\"><div class=\"vc_column-inner\"><div class=\"wpb_wrapper\">\n\t<div class=\"wpb_text_column wpb_content_element\" >\n\t\t<div class=\"wpb_wrapper\">\n\t\t\t<h4 class=\"member-name\">Laetitia Costa<\/h4>\n<div class=\"member-position\">Service Administratif<\/div>\n<div class=\"member-bio\">T. (+351) 256 920 010<\/div>\n\n\t\t<\/div>\n\t<\/div>\n<div id=\"wd-669f84937a57b\" class=\"wd-rs-669f84937a57b  wd-button-wrapper text-left\"><a href=\"mailto:geral@forestcortemaquinas.pt\" title=\"\" class=\"btn btn-color-default btn-style-default btn-style-rectangle btn-size-default\">E-mail<\/a><\/div><\/div><\/div><\/div><\/div><div class=\"vc_separator wpb_content_element vc_separator_align_center vc_sep_width_100 vc_sep_pos_align_center vc_separator_no_text vc_custom_1615616514122\" ><span class=\"vc_sep_holder vc_sep_holder_l\"><span style=\"border-color:rgb(10,10,10);border-color:rgba(10,10,10,0.12);\" class=\"vc_sep_line\"><\/span><\/span><span class=\"vc_sep_holder vc_sep_holder_r\"><span style=\"border-color:rgb(10,10,10);border-color:rgba(10,10,10,0.12);\" class=\"vc_sep_line\"><\/span><\/span>\n<\/div><\/div><\/div><\/div><\/div>\n<\/div>","protected":false},"excerpt":{"rendered":"M\u00c1QUINAS FLORESTAIS Forestcorte M\u00e1quinas S.A. A Forestcorte M\u00e1quinas, S.A. \u00e9 uma das v\u00e1rias empresas pertencentes ao Grupo Forestcorte que opera","protected":false},"author":1,"featured_media":0,"parent":0,"menu_order":0,"comment_status":"closed","ping_status":"closed","template":"","meta":{"footnotes":""},"class_list":["post-5212","page","type-page","status-publish","hentry"],"_links":{"self":[{"href":"https:\/\/maquinasflorestais.com\/fr\/wp-json\/wp\/v2\/pages\/5212","targetHints":{"allow":["GET"]}}],"collection":[{"href":"https:\/\/maquinasflorestais.com\/fr\/wp-json\/wp\/v2\/pages"}],"about":[{"href":"https:\/\/maquinasflorestais.com\/fr\/wp-json\/wp\/v2\/types\/page"}],"author":[{"embeddable":true,"href":"https:\/\/maquinasflorestais.com\/fr\/wp-json\/wp\/v2\/users\/1"}],"replies":[{"embeddable":true,"href":"https:\/\/maquinasflorestais.com\/fr\/wp-json\/wp\/v2\/comments?post=5212"}],"version-history":[{"count":10,"href":"https:\/\/maquinasflorestais.com\/fr\/wp-json\/wp\/v2\/pages\/5212\/revisions"}],"predecessor-version":[{"id":13927,"href":"https:\/\/maquinasflorestais.com\/fr\/wp-json\/wp\/v2\/pages\/5212\/revisions\/13927"}],"wp:attachment":[{"href":"https:\/\/maquinasflorestais.com\/fr\/wp-json\/wp\/v2\/media?parent=5212"}],"curies":[{"name":"wp","href":"https:\/\/api.w.org\/{rel}","templated":true}]}}

À PROPOS DE NOUS

<div class="wpb-content-wrapper"><div class="vc_row wpb_row vc_row-fluid vc_custom_1716194926517 row-reverse-mobile row-reverse-tablet wd-rs-664b0e5b335db"><div class="wpb_column vc_column_container vc_col-sm-12 vc_col-lg-6 vc_col-md-6 wd-rs-6125f30edad72"><div class="vc_column-inner vc_custom_1629877010833"><div class="wpb_wrapper">		<div id="wd-667051e93f91d" class="wd-image wd-wpb wd-rs-667051e93f91d text-left vc_custom_1718637041041">
			
			<img loading="lazy" decoding="async" width="1441" height="1282" src="https://maquinasflorestais.com/wp-content/uploads/2024/05/forestcorte_maquinas_florestais_a_empresa-w.jpg" class="attachment-full" alt="" title="forestcorte_maquinas_florestais_a_empresa-w" srcset="https://maquinasflorestais.com/wp-content/uploads/2024/05/forestcorte_maquinas_florestais_a_empresa-w.jpg 1441w, https://maquinasflorestais.com/wp-content/uploads/2024/05/forestcorte_maquinas_florestais_a_empresa-w-337x300.jpg 337w, https://maquinasflorestais.com/wp-content/uploads/2024/05/forestcorte_maquinas_florestais_a_empresa-w-899x800.jpg 899w, https://maquinasflorestais.com/wp-content/uploads/2024/05/forestcorte_maquinas_florestais_a_empresa-w-768x683.jpg 768w, https://maquinasflorestais.com/wp-content/uploads/2024/05/forestcorte_maquinas_florestais_a_empresa-w-860x765.jpg 860w, https://maquinasflorestais.com/wp-content/uploads/2024/05/forestcorte_maquinas_florestais_a_empresa-w-430x383.jpg 430w, https://maquinasflorestais.com/wp-content/uploads/2024/05/forestcorte_maquinas_florestais_a_empresa-w-700x623.jpg 700w, https://maquinasflorestais.com/wp-content/uploads/2024/05/forestcorte_maquinas_florestais_a_empresa-w-150x133.jpg 150w" sizes="auto, (max-width: 1441px) 100vw, 1441px" />
					</div>
		</div></div></div><div class="wpb_column vc_column_container vc_col-sm-12 vc_col-lg-offset-1 vc_col-lg-5 vc_col-md-6 vc_col-xs-12 wd-rs-664b0e9d209f6"><div class="vc_column-inner vc_custom_1716195005651"><div class="wpb_wrapper">
		<div id="wd-664b0c5bc8cab" class="title-wrapper wd-wpb set-mb-s reset-last-child  wd-rs-664b0c5bc8cab wd-title-color-primary wd-title-style-default text-left vc_custom_1716194438260 wd-underline-colored">
							<div class="title-subtitle  subtitle-color-primary font-default subtitle-style-default wd-font-weight-600 wd-fontsize-xs">MACHINES FORESTIÈRES</div>
			
			<div class="liner-continer">
				<h4 class="woodmart-title-container title  wd-font-weight- wd-fontsize-xxl" >Forestcorte Máquinas S.A.</h4>
							</div>
			
			
			
		</div>
		
				<div id="wd-67589f2f56ad6" class="wd-text-block wd-wpb reset-last-child wd-rs-67589f2f56ad6 text-left wd-fontsize-custom vc_custom_1733861171131">
			<p>Notre entreprise Forestcorte Máquinas est l’une des entreprises du Groupe Forestcorte, leader depuis 2001 en prestations de services forestiers. Nous travaillons principalement sur les marchés portugais, espagnol et français et nous sommes spécialisés dans la vente d’équipements forestiers neufs ou d’occasion. Nous proposons également un service d’assistance technique au sein de nos installations ou bien sur le terrain.</p>
		</div>
				<div id="wd-67589eb559b6d" class="wd-text-block wd-wpb reset-last-child wd-rs-67589eb559b6d text-left wd-fontsize-custom vc_custom_1733861104038">
			<p>Faisant partie d'un groupe leader dans la fourniture de services forestiers depuis 2001, Forestcorte Máquinas possède un avantage comparatif par rapport à d'autres entreprises et est donc qualifiée pour conseiller adéquatement le client sur le meilleur équipement à utiliser pour un travail donné. Forestcorte Máquinas garantit un excellent conseil d'achat, basé sur une vaste expérience dans le secteur forestier ainsi qu'une efficacité totale dans l'assistance après-vente, grâce au savoir-faire élevé de ses techniciens : Forestcorte investit intensivement dans la formation de ses employés, c'est pourquoi ils sont formés pour fournir une assistance technique aux clients de manière efficace et personnalisée.</p>
<p>De cette manière, elle s'affirme comme une entreprise compétitive et différenciée dont l'objectif premier est la satisfaction de ses clients.</p>
<p>Avec son positionnement actuel « Innovation by Nature », Forestcorte Máquinas investit dans des équipements très sophistiqués adaptés aux différentes opérations, permettant une exploration forestière plus efficace, dans le respect de l'écosystème utilisé.</p>
		</div>
		<div class="vc_row wpb_row vc_inner vc_row-fluid"><div class="wpb_column vc_column_container vc_col-sm-4 text-center wd-rs-6670516ab07fb"><div class="vc_column-inner"><div class="wpb_wrapper">
	<div  class="wpb_single_image wpb_content_element vc_align_left">
		
		<figure class="wpb_wrapper vc_figure">
			<div class="vc_single_image-wrapper   vc_box_border_grey"><img loading="lazy" decoding="async" width="150" height="150" src="https://maquinasflorestais.com/wp-content/uploads/2025/06/contactos-laetitia-2.png" class="vc_single_image-img attachment-thumbnail" alt="" title="contactos-laetitia-2" srcset="https://maquinasflorestais.com/wp-content/uploads/2025/06/contactos-laetitia-2.png 150w, https://maquinasflorestais.com/wp-content/uploads/2025/06/contactos-laetitia-2-12x12.png 12w" sizes="auto, (max-width: 150px) 100vw, 150px" /></div>
		</figure>
	</div>
</div></div></div><div class="wpb_column vc_column_container vc_col-sm-8"><div class="vc_column-inner"><div class="wpb_wrapper">
	<div class="wpb_text_column wpb_content_element" >
		<div class="wpb_wrapper">
			<h4 class="member-name">Laetitia Costa</h4>
<div class="member-position">Service Administratif</div>
<div class="member-bio">T. (+351) 256 920 010</div>

		</div>
	</div>
<div id="wd-669f84937a57b" class="wd-rs-669f84937a57b  wd-button-wrapper text-left"><a href="mailto:geral@forestcortemaquinas.pt" title="" class="btn btn-color-default btn-style-default btn-style-rectangle btn-size-default">E-mail</a></div></div></div></div></div><div class="vc_separator wpb_content_element vc_separator_align_center vc_sep_width_100 vc_sep_pos_align_center vc_separator_no_text vc_custom_1615616514122" ><span class="vc_sep_holder vc_sep_holder_l"><span style="border-color:rgb(10,10,10);border-color:rgba(10,10,10,0.12);" class="vc_sep_line"></span></span><span class="vc_sep_holder vc_sep_holder_r"><span style="border-color:rgb(10,10,10);border-color:rgba(10,10,10,0.12);" class="vc_sep_line"></span></span>
</div></div></div></div></div>
</div>

MÁQUINAS FLORESTAIS Forestcorte Máquinas S.A. A Forestcorte Máquinas, S.A. é uma das várias empresas pertencentes ao Grupo Forestcorte que opera
