{"id":12042,"date":"2021-08-25T07:26:28","date_gmt":"2021-08-25T07:26:28","guid":{"rendered":"https:\/\/maquinasflorestais.com\/sobre-nos\/"},"modified":"2024-07-01T12:28:33","modified_gmt":"2024-07-01T12:28:33","slug":"qui-sommes-nous","status":"publish","type":"page","link":"https:\/\/maquinasflorestais.com\/fr\/qui-sommes-nous\/","title":{"rendered":"Qui sommes-nous"},"content":{"rendered":"<div class=\"wpb-content-wrapper\"><div class=\"vc_row wpb_row vc_row-fluid vc_custom_1716194926517 row-reverse-mobile row-reverse-tablet wd-rs-664b0e5b335db\"><div class=\"wpb_column vc_column_container vc_col-sm-12 vc_col-lg-6 vc_col-md-6 wd-rs-6125f30edad72\"><div class=\"vc_column-inner vc_custom_1629877010833\"><div class=\"wpb_wrapper\">\t\t<div id=\"wd-667051e93f91d\" class=\"wd-image wd-wpb wd-rs-667051e93f91d text-left vc_custom_1718637041041\">\n\t\t\t\n\t\t\t<img loading=\"lazy\" decoding=\"async\" width=\"1441\" height=\"1282\" src=\"https:\/\/maquinasflorestais.com\/wp-content\/uploads\/2024\/05\/forestcorte_maquinas_florestais_a_empresa-w.jpg\" class=\"attachment-full\" alt=\"\" title=\"forestcorte_maquinas_florestais_a_empresa-w\" srcset=\"https:\/\/maquinasflorestais.com\/wp-content\/uploads\/2024\/05\/forestcorte_maquinas_florestais_a_empresa-w.jpg 1441w, https:\/\/maquinasflorestais.com\/wp-content\/uploads\/2024\/05\/forestcorte_maquinas_florestais_a_empresa-w-337x300.jpg 337w, https:\/\/maquinasflorestais.com\/wp-content\/uploads\/2024\/05\/forestcorte_maquinas_florestais_a_empresa-w-899x800.jpg 899w, https:\/\/maquinasflorestais.com\/wp-content\/uploads\/2024\/05\/forestcorte_maquinas_florestais_a_empresa-w-768x683.jpg 768w, https:\/\/maquinasflorestais.com\/wp-content\/uploads\/2024\/05\/forestcorte_maquinas_florestais_a_empresa-w-860x765.jpg 860w, https:\/\/maquinasflorestais.com\/wp-content\/uploads\/2024\/05\/forestcorte_maquinas_florestais_a_empresa-w-430x383.jpg 430w, https:\/\/maquinasflorestais.com\/wp-content\/uploads\/2024\/05\/forestcorte_maquinas_florestais_a_empresa-w-700x623.jpg 700w, https:\/\/maquinasflorestais.com\/wp-content\/uploads\/2024\/05\/forestcorte_maquinas_florestais_a_empresa-w-150x133.jpg 150w\" sizes=\"auto, (max-width: 1441px) 100vw, 1441px\" \/>\n\t\t\t\t\t<\/div>\n\t\t<\/div><\/div><\/div><div class=\"wpb_column vc_column_container vc_col-sm-12 vc_col-lg-offset-1 vc_col-lg-5 vc_col-md-6 vc_col-xs-12 wd-rs-664b0e9d209f6\"><div class=\"vc_column-inner vc_custom_1716195005651\"><div class=\"wpb_wrapper\">\n\t\t<div id=\"wd-664b0c5bc8cab\" class=\"title-wrapper wd-wpb set-mb-s reset-last-child  wd-rs-664b0c5bc8cab wd-title-color-primary wd-title-style-default text-left vc_custom_1716194438260 wd-underline-colored\">\n\t\t\t\t\t\t\t<div class=\"title-subtitle  subtitle-color-primary font-default subtitle-style-default wd-font-weight-600 wd-fontsize-xs\">MACHINES FORESTI\u00c8RES<\/div>\n\t\t\t\n\t\t\t<div class=\"liner-continer\">\n\t\t\t\t<h4 class=\"woodmart-title-container title  wd-font-weight- wd-fontsize-xxl\" >Forestcorte M\u00e1quinas S.A.<\/h4>\n\t\t\t\t\t\t\t<\/div>\n\t\t\t\n\t\t\t\n\t\t\t\n\t\t<\/div>\n\t\t\n\t\t\t\t<div id=\"wd-66827acb9694d\" class=\"wd-text-block wd-wpb reset-last-child wd-rs-66827acb9694d text-left wd-width-enabled wd-fontsize-s vc_custom_1719827152682\" style=\"--wd-max-width: 90%;\">\n\t\t\t<div><span lang=\"FR-BE\">Notre entreprise Forestcorte M\u00e1quinas est l\u2019une des entreprises du Groupe Forestcorte, leader depuis 2001 en prestations de services forestiers. Nous travaillons principalement sur les march\u00e9s portugais, espagnol et fran\u00e7ais et nous sommes sp\u00e9cialis\u00e9s dans la vente d\u2019\u00e9quipements forestiers neufs ou d\u2019occasion. <\/span><\/div>\n\t\t<\/div>\n\t\t\t\t<div id=\"wd-66827ad45d93e\" class=\"wd-text-block wd-wpb reset-last-child wd-rs-66827ad45d93e text-left wd-fontsize-custom vc_custom_1719827219653\">\n\t\t\t<p style=\"font-weight: 400;\">Notre entreprise Forestcorte M\u00e1quinas est l\u2019une des entreprises du Groupe Forestcorte, leader depuis 2001 en prestations de services forestiers. Nous travaillons principalement sur les march\u00e9s portugais, espagnol et fran\u00e7ais et nous sommes sp\u00e9cialis\u00e9s dans la vente d\u2019\u00e9quipements forestiers neufs ou d\u2019occasion. Nous proposons \u00e9galement un service d\u2019assistance technique au sein de nos installations ou bien sur le terrain.<\/p>\n<p style=\"font-weight: 400;\">Nous nous d\u00e9marquons des autres entreprises de par notre exp\u00e9rience et savoir-faire dans le secteur forestier. Nous pr\u00eatons attention\u00a0\u00e0 toutes les demandes et conditions de nos clients afin de leur conseiller le meilleur \u00e9quipement en fonction de leurs attentes. Nous avons pour objectif principal la satisfaction de nos clients. Les \u00e9quipements que nous commercialisons sont hautement sophistiqu\u00e9s et adapt\u00e9s aux diff\u00e9rentes op\u00e9rations. Ainsi, Forestcorte M\u00e1quinas rend possible une exploitation foresti\u00e8re plus efficace tout en respectant notre environnement.<\/p>\n<p style=\"font-weight: 400;\">Enfin, notre entreprise Forestcorte M\u00e1quinas investi consid\u00e9rablement dans la formation de son \u00e9quipe technique afin qu\u2019elle soit en mesure de pr\u00eater assistance profitablement et rapidement \u00e0 ses clients.<\/p>\n\t\t<\/div>\n\t\t<div class=\"vc_row wpb_row vc_inner vc_row-fluid\"><div class=\"wpb_column vc_column_container vc_col-sm-4 text-center wd-rs-6670516ab07fb\"><div class=\"vc_column-inner\"><div class=\"wpb_wrapper\">\n\t<div  class=\"wpb_single_image wpb_content_element vc_align_left\">\n\t\t\n\t\t<figure class=\"wpb_wrapper vc_figure\">\n\t\t\t<div class=\"vc_single_image-wrapper   vc_box_border_grey\"><img loading=\"lazy\" decoding=\"async\" width=\"150\" height=\"150\" src=\"https:\/\/maquinasflorestais.com\/wp-content\/uploads\/2024\/05\/contactos-laetitia-150x150.png\" class=\"vc_single_image-img attachment-thumbnail\" alt=\"\" title=\"contactos-laetitia\" srcset=\"https:\/\/maquinasflorestais.com\/wp-content\/uploads\/2024\/05\/contactos-laetitia-150x150.png 150w, https:\/\/maquinasflorestais.com\/wp-content\/uploads\/2024\/05\/contactos-laetitia.png 239w\" sizes=\"auto, (max-width: 150px) 100vw, 150px\" \/><\/div>\n\t\t<\/figure>\n\t<\/div>\n<\/div><\/div><\/div><div class=\"wpb_column vc_column_container vc_col-sm-8\"><div class=\"vc_column-inner\"><div class=\"wpb_wrapper\">\n\t<div class=\"wpb_text_column wpb_content_element\" >\n\t\t<div class=\"wpb_wrapper\">\n\t\t\t<h4 class=\"member-name\">Laetitia Costa<\/h4>\n<div class=\"member-position\">D\u00e9partement administratif<\/div>\n<div class=\"member-bio\">T. (+351) 256 920 010<br \/>\nE-mail:<\/div>\n\n\t\t<\/div>\n\t<\/div>\n<\/div><\/div><\/div><\/div><div class=\"vc_separator wpb_content_element vc_separator_align_center vc_sep_width_100 vc_sep_pos_align_center vc_separator_no_text vc_custom_1615616514122\" ><span class=\"vc_sep_holder vc_sep_holder_l\"><span style=\"border-color:rgb(10,10,10);border-color:rgba(10,10,10,0.12);\" class=\"vc_sep_line\"><\/span><\/span><span class=\"vc_sep_holder vc_sep_holder_r\"><span style=\"border-color:rgb(10,10,10);border-color:rgba(10,10,10,0.12);\" class=\"vc_sep_line\"><\/span><\/span>\n<\/div><\/div><\/div><\/div><\/div>\n<\/div>","protected":false},"excerpt":{"rendered":"M\u00c1QUINAS FLORESTAIS Forestcorte M\u00e1quinas S.A. Notre entreprise Forestcorte M\u00e1quinas est l\u2019une des entreprises du Groupe Forestcorte, leader depuis 2001 en","protected":false},"author":1,"featured_media":0,"parent":0,"menu_order":0,"comment_status":"closed","ping_status":"closed","template":"","meta":{"footnotes":""},"class_list":["post-12042","page","type-page","status-publish","hentry"],"_links":{"self":[{"href":"https:\/\/maquinasflorestais.com\/fr\/wp-json\/wp\/v2\/pages\/12042","targetHints":{"allow":["GET"]}}],"collection":[{"href":"https:\/\/maquinasflorestais.com\/fr\/wp-json\/wp\/v2\/pages"}],"about":[{"href":"https:\/\/maquinasflorestais.com\/fr\/wp-json\/wp\/v2\/types\/page"}],"author":[{"embeddable":true,"href":"https:\/\/maquinasflorestais.com\/fr\/wp-json\/wp\/v2\/users\/1"}],"replies":[{"embeddable":true,"href":"https:\/\/maquinasflorestais.com\/fr\/wp-json\/wp\/v2\/comments?post=12042"}],"version-history":[{"count":3,"href":"https:\/\/maquinasflorestais.com\/fr\/wp-json\/wp\/v2\/pages\/12042\/revisions"}],"predecessor-version":[{"id":12050,"href":"https:\/\/maquinasflorestais.com\/fr\/wp-json\/wp\/v2\/pages\/12042\/revisions\/12050"}],"wp:attachment":[{"href":"https:\/\/maquinasflorestais.com\/fr\/wp-json\/wp\/v2\/media?parent=12042"}],"curies":[{"name":"wp","href":"https:\/\/api.w.org\/{rel}","templated":true}]}}

<div class="wpb-content-wrapper"><div class="vc_row wpb_row vc_row-fluid vc_custom_1716194926517 row-reverse-mobile row-reverse-tablet wd-rs-664b0e5b335db"><div class="wpb_column vc_column_container vc_col-sm-12 vc_col-lg-6 vc_col-md-6 wd-rs-6125f30edad72"><div class="vc_column-inner vc_custom_1629877010833"><div class="wpb_wrapper">		<div id="wd-667051e93f91d" class="wd-image wd-wpb wd-rs-667051e93f91d text-left vc_custom_1718637041041">
			
			<img loading="lazy" decoding="async" width="1441" height="1282" src="https://maquinasflorestais.com/wp-content/uploads/2024/05/forestcorte_maquinas_florestais_a_empresa-w.jpg" class="attachment-full" alt="" title="forestcorte_maquinas_florestais_a_empresa-w" srcset="https://maquinasflorestais.com/wp-content/uploads/2024/05/forestcorte_maquinas_florestais_a_empresa-w.jpg 1441w, https://maquinasflorestais.com/wp-content/uploads/2024/05/forestcorte_maquinas_florestais_a_empresa-w-337x300.jpg 337w, https://maquinasflorestais.com/wp-content/uploads/2024/05/forestcorte_maquinas_florestais_a_empresa-w-899x800.jpg 899w, https://maquinasflorestais.com/wp-content/uploads/2024/05/forestcorte_maquinas_florestais_a_empresa-w-768x683.jpg 768w, https://maquinasflorestais.com/wp-content/uploads/2024/05/forestcorte_maquinas_florestais_a_empresa-w-860x765.jpg 860w, https://maquinasflorestais.com/wp-content/uploads/2024/05/forestcorte_maquinas_florestais_a_empresa-w-430x383.jpg 430w, https://maquinasflorestais.com/wp-content/uploads/2024/05/forestcorte_maquinas_florestais_a_empresa-w-700x623.jpg 700w, https://maquinasflorestais.com/wp-content/uploads/2024/05/forestcorte_maquinas_florestais_a_empresa-w-150x133.jpg 150w" sizes="auto, (max-width: 1441px) 100vw, 1441px" />
					</div>
		</div></div></div><div class="wpb_column vc_column_container vc_col-sm-12 vc_col-lg-offset-1 vc_col-lg-5 vc_col-md-6 vc_col-xs-12 wd-rs-664b0e9d209f6"><div class="vc_column-inner vc_custom_1716195005651"><div class="wpb_wrapper">
		<div id="wd-664b0c5bc8cab" class="title-wrapper wd-wpb set-mb-s reset-last-child  wd-rs-664b0c5bc8cab wd-title-color-primary wd-title-style-default text-left vc_custom_1716194438260 wd-underline-colored">
							<div class="title-subtitle  subtitle-color-primary font-default subtitle-style-default wd-font-weight-600 wd-fontsize-xs">MACHINES FORESTIÈRES</div>
			
			<div class="liner-continer">
				<h4 class="woodmart-title-container title  wd-font-weight- wd-fontsize-xxl" >Forestcorte Máquinas S.A.</h4>
							</div>
			
			
			
		</div>
		
				<div id="wd-66827acb9694d" class="wd-text-block wd-wpb reset-last-child wd-rs-66827acb9694d text-left wd-width-enabled wd-fontsize-s vc_custom_1719827152682" style="--wd-max-width: 90%;">
			<div><span lang="FR-BE">Notre entreprise Forestcorte Máquinas est l’une des entreprises du Groupe Forestcorte, leader depuis 2001 en prestations de services forestiers. Nous travaillons principalement sur les marchés portugais, espagnol et français et nous sommes spécialisés dans la vente d’équipements forestiers neufs ou d’occasion. </span></div>
		</div>
				<div id="wd-66827ad45d93e" class="wd-text-block wd-wpb reset-last-child wd-rs-66827ad45d93e text-left wd-fontsize-custom vc_custom_1719827219653">
			<p style="font-weight: 400;">Notre entreprise Forestcorte Máquinas est l’une des entreprises du Groupe Forestcorte, leader depuis 2001 en prestations de services forestiers. Nous travaillons principalement sur les marchés portugais, espagnol et français et nous sommes spécialisés dans la vente d’équipements forestiers neufs ou d’occasion. Nous proposons également un service d’assistance technique au sein de nos installations ou bien sur le terrain.</p>
<p style="font-weight: 400;">Nous nous démarquons des autres entreprises de par notre expérience et savoir-faire dans le secteur forestier. Nous prêtons attention à toutes les demandes et conditions de nos clients afin de leur conseiller le meilleur équipement en fonction de leurs attentes. Nous avons pour objectif principal la satisfaction de nos clients. Les équipements que nous commercialisons sont hautement sophistiqués et adaptés aux différentes opérations. Ainsi, Forestcorte Máquinas rend possible une exploitation forestière plus efficace tout en respectant notre environnement.</p>
<p style="font-weight: 400;">Enfin, notre entreprise Forestcorte Máquinas investi considérablement dans la formation de son équipe technique afin qu’elle soit en mesure de prêter assistance profitablement et rapidement à ses clients.</p>
		</div>
		<div class="vc_row wpb_row vc_inner vc_row-fluid"><div class="wpb_column vc_column_container vc_col-sm-4 text-center wd-rs-6670516ab07fb"><div class="vc_column-inner"><div class="wpb_wrapper">
	<div  class="wpb_single_image wpb_content_element vc_align_left">
		
		<figure class="wpb_wrapper vc_figure">
			<div class="vc_single_image-wrapper   vc_box_border_grey"><img loading="lazy" decoding="async" width="150" height="150" src="https://maquinasflorestais.com/wp-content/uploads/2024/05/contactos-laetitia-150x150.png" class="vc_single_image-img attachment-thumbnail" alt="" title="contactos-laetitia" srcset="https://maquinasflorestais.com/wp-content/uploads/2024/05/contactos-laetitia-150x150.png 150w, https://maquinasflorestais.com/wp-content/uploads/2024/05/contactos-laetitia.png 239w" sizes="auto, (max-width: 150px) 100vw, 150px" /></div>
		</figure>
	</div>
</div></div></div><div class="wpb_column vc_column_container vc_col-sm-8"><div class="vc_column-inner"><div class="wpb_wrapper">
	<div class="wpb_text_column wpb_content_element" >
		<div class="wpb_wrapper">
			<h4 class="member-name">Laetitia Costa</h4>
<div class="member-position">Département administratif</div>
<div class="member-bio">T. (+351) 256 920 010<br />
E-mail:</div>

		</div>
	</div>
</div></div></div></div><div class="vc_separator wpb_content_element vc_separator_align_center vc_sep_width_100 vc_sep_pos_align_center vc_separator_no_text vc_custom_1615616514122" ><span class="vc_sep_holder vc_sep_holder_l"><span style="border-color:rgb(10,10,10);border-color:rgba(10,10,10,0.12);" class="vc_sep_line"></span></span><span class="vc_sep_holder vc_sep_holder_r"><span style="border-color:rgb(10,10,10);border-color:rgba(10,10,10,0.12);" class="vc_sep_line"></span></span>
</div></div></div></div></div>
</div>

MÁQUINAS FLORESTAIS Forestcorte Máquinas S.A. Notre entreprise Forestcorte Máquinas est l’une des entreprises du Groupe Forestcorte, leader depuis 2001 en
